Let x(z) = -5*z. Determine x(r).
5
Let g(b) = -10*b - 9. Let f(l) = -7*l - 6. Let c(i) = 7*f(i) - 5*g(i). What is c(-3)?
0
Let q(a) = a**3 - 8*a**2 + 8*a - 4. Let m(u) = u**2 - 6*u - 9. Let v be m(8). Give q(v).
3
Suppose -3*f - m = 17, -11 = 4*f - 4*m + 1. Let q(y) = -y**2 + 2*y**2 - 2 - 5 + 4*y + 4. Determine q(f).
2
Let m(p) be the third derivative of p**6/360 + p**5/24 + p**4/12 - p**3/2 + 3*p**2. Let i(s) be the first derivative of m(s). Determine i(-5).
2
Let t(m) = -13*m**2. Suppose -10*n + 12*n = -2. Calculate t(n).
-13
Let p(i) = i**2 - i - 9. Let g be p(0). Let u = -12 - g. Let q(c) = -c - 4. Calculate q(u).
-1
Let p(g) = 10*g**3 - 1. Let u(n) = n**2 - 5*n + 5. Suppose 0 = 2*c - 6 - 2. Let m be u(c). Determine p(m).
9
Let i(k) = k**3 - 7*k**2 + 8*k + 2. Let g be (-2)/7 - (-44)/7. Give i(g).
14
Let w(b) = b. Let p(z) = -2*z + 1. Let r(y) = 2*p(y) + 5*w(y). Let g be 2/5 + 27/(-5). Calculate r(g).
-3
Suppose -24 = 3*l - 0*l. Let z be ((-12)/l)/(6/8). Let k(g) be the third derivative of g**5/30 + g**4/12 - g**3/2 + 3*g**2. Calculate k(z).
9
Let t(k) be the first derivative of 0*k + 3 + 0*k**2 - 8/3*k**3. Give t(1).
-8
Let y = -14 + 15. Let i = 4 - 4. Let x(q) = i - 1 + 0 - q**2. Give x(y).
-2
Let r(z) = -4 - 6*z + 8 - 17 + 4. Calculate r(-6).
27
Let t(z) be the first derivative of 2*z**3/3 - 2*z**2 + 2*z - 4. Let x be t(2). Let s(q) = -3*q - 3*q + x*q - 2. Calculate s(-2).
6
Let r = 6 - 1. Let l(p) = -2*p - 9. Let k(v) = 3*v**2 + v - 1. Let d be k(1). Let a(x) = 5*x + 26. Let h(o) = d*a(o) + 8*l(o). Give h(r).
1
Let g(d) = d**2 - d - 1. Let a(u) = -6*u**2 + 5*u - 1. Let s(n) = -a(n) - 5*g(n). Let w be 0*2*3/(-12). Calculate s(w).
6
Let k(b) = 3 + 5*b + 0 - 7 + b**2 + 6. Determine k(-3).
-4
Let p = -3 - -5. Let c(o) = -o + 6. Let y(s) = 5*s - 21 - 17 + 8. Let d(v) = p*y(v) + 11*c(v). Calculate d(0).
6
Suppose -4*f - 20 = 0, -2*y + 4*y + 2*f = -10. Let w = -3 + 5. Let s(t) = -1 - 2*t + 3*t + t**2 + 2*t - w*t. Give s(y).
-1
Let f(w) = 3*w**2 - 18*w - 6. Let k(v) = v**2 - 6*v - 2. Let m(c) = 2*f(c) - 7*k(c). Let h be (-4)/10 + (-27)/(-5). What is m(h)?
7
Suppose g - 3*l - 11 = -8*l, -4*l - 20 = -4*g. Let p(z) be the first derivative of z**4/4 - 5*z**3/3 - 9*z**2/2 + 9*z + 77. What is p(g)?
-9
Let z(p) = -p**2 + 7*p - 6. Let o(d) = -d**3 - 13*d**2 - 11*d + 17. Let n be o(-12). Suppose k + 2 = -2, 38 = n*a - 2*k. Give z(a).
0
Let u(v) be the third derivative of -v**6/120 - 7*v**5/60 - v**4/6 + 4*v**3/3 - 5*v**2. Let c(d) = d**3 + d**2 - 6. Let n be c(0). Determine u(n).
-4
Suppose -t + 16 = t + 5*z, 0 = -2*t + 4*z - 20. Let r(k) be the second derivative of k**5/10 + k**4/6 - k**3/6 + 2*k. Give r(t).
-6
Let c(r) = 6*r**2 + 0*r - 4 - 5*r**2 - 2*r + 7*r. What is c(-6)?
2
Let l(c) = -1 - 3*c**2 + 6*c**2 - c - 4*c**2. Calculate l(-3).
-7
Let q(s) = 2 - 3*s**3 + 0*s**3 - 3*s**3 - 2*s - 1 + 2*s**2. Let d be (1/2)/((-2)/12). Let z be -2 - 1*d*1. What is q(z)?
-5
Let t(q) = 0*q - 1 + 0*q + q. Let u be 7/(-49) - (-68)/(-14). Let x = u + 11. Give t(x).
5
Let p(g) = 2*g**3 - 2*g - 1. Let h be (-3 + 0)*(-28)/12. Suppose -2*b + 5 = h. Determine p(b).
-1
Let s(h) = 313 + 8*h**3 + 320 - 634 + h**2. Calculate s(-1).
-8
Let d(a) = 4*a + 9*a - a**2 + 0*a**2 - 6*a. Calculate d(5).
10
Let d(z) be the first derivative of -z**2 + 2*z - 1. Give d(6).
-10
Let m(f) be the first derivative of -13*f**3/3 + f**2/2 + f - 6. Give m(-1).
-13
Suppose -y + 3 = 0, 2*i + 3*i = 4*y - 47. Let z(f) = f**2 + 6*f - 8. Give z(i).
-1
Let q(s) = -s**3 + 5*s**2 + 3*s + 13. Let b be q(6). Let v(a) = -a. Let j be v(-2). Let k(d) = 5*d**j + 4 + d - 3*d**3 + d**3 + 3*d**3. What is k(b)?
-1
Let l(o) = 2*o**3 - 8*o**2 + 2*o. Let s(y) = y**3 - 4*y**2 + y. Let z(q) = -3*l(q) + 7*s(q). Let x(m) = -m + 2. Let i be x(-2). Determine z(i).
4
Let i(c) = -c + 7. Suppose 10*y + 7*y = 6*y. Determine i(y).
7
Let t(p) = -2*p - 1. Suppose 2*x = -2*x + 8. Determine t(x).
-5
Suppose -5 = -4*b - 21. Let l be 3/(2/(-2)) - -2. Let i = l - b. Let r(y) = -y - 3. Determine r(i).
-6
Let q = 4 - 4. Suppose q*b - 4*y = 4*b - 12, 4*b = 4*y - 4. Let f(j) = 3*j**3 + 1. Calculate f(b).
4
Let k be 5/10 + (-3)/(-2). Let g(d) = 0*d + k*d - 3*d + 1. Calculate g(-3).
4
Let v(x) = x**3 + 1 + 6 - 2 + 5*x**2 + 1 - 4*x. Let l(j) = -j**2 + 2*j + 2. Let s be l(-2). Determine v(s).
-6
Let d = 11 - 13. Let m(y) = 5*y + 1. Determine m(d).
-9
Let a be (2*1)/(-8 + 9). Let y(t) = t**3 + 2 - 3 + 2*t - 2. What is y(a)?
9
Let a(y) = 2*y - 5. Let n be (-8)/(-36) + (-142)/(-9). Let i = n + -11. Give a(i).
5
Let f(q) = 2*q**2 - 4. Let c(h) = -h**2 + 2. Let t(u) = 11*c(u) + 6*f(u). Determine t(0).
-2
Suppose -2 = 4*d + 6. Let a(h) = -2*h**3 - 3*h**2 - h. Calculate a(d).
6
Suppose -2*u - 8 = 0, 3*w - 6*u - 84 = -3*u. Let m be (-4)/w + (-62)/(-12). Let p(s) = 4 - 3*s - s + 3*s. Calculate p(m).
-1
Let k(t) = t**2 + 8. Let q = -13 - -13. Determine k(q).
8
Let a = 38 - 36. Let l(t) = 2*t**3 - 2*t**2 + 2*t + 2. Determine l(a).
14
Let z(q) be the first derivative of 4*q - 2 + 1/4*q**4 + 2*q**3 + 3*q**2. Determine z(-5).
-1
Let r(y) = -3*y**2 - 3*y - 5. Let o(t) = 16*t**2 + 13*t + 26. Let a(w) = -2*o(w) - 11*r(w). Determine a(-8).
11
Let o(c) = 2*c - 42 + 22 + 24. Calculate o(-4).
-4
Suppose -7 = 2*j - m, j - 4*m + 10 = -j. Let v(s) = -2*s + 1. Determine v(j).
7
Let w(i) be the third derivative of 3*i**6/40 + i**5/60 + i**4/24 - i**3/6 - 13*i**2. Let m = 1 + 0. Give w(m).
10
Let b(t) = t**2 - 6*t + 4. Let l(c) = 5*c**2 + 1. Let q be l(-1). Determine b(q).
4
Let d(n) be the third derivative of 1/24*n**4 + 0 + n**2 + 1/3*n**3 + 0*n. Suppose 0*p - 24 = 4*p. Calculate d(p).
-4
Suppose 8 = w + 3*w. Suppose 5 + 3 = -w*x. Let m(i) = i**2 + 4*i - 4. What is m(x)?
-4
Suppose -2*w + 2 = 6. Let f be 1*-3*(w + 3). Let a(u) = u**3 + 3*u**2 + 2*u - 4. What is a(f)?
-10
Suppose 3*g = -5*r - 3 - 10, 5*r + 29 = g. Let k(x) be the second derivative of -x**3/3 - 3*x**2/2 + x. Calculate k(r).
7
Let y(c) = -1. Let x(t) = -t**3 - 4*t**2 + 4*t + 3. Let d(h) = x(h) + 5*y(h). Let v(r) = r**2 - 21*r + 85. Let g be v(15). Give d(g).
3
Suppose 28 - 3 = -5*b. Let q(y) = -y + 4. Determine q(b).
9
Let j(k) = -k**3 - k**2 + 2*k + 6. Let w be j(-4). Suppose w - 16 = 5*b. Let n = -4 + b. Let x(t) = -2*t**2 + t + 2. Give x(n).
-4
Let p be (-4)/18*3*-3. Suppose -9 = -k - 2*k. Let z(s) = -2 - 3*s + 2*s**2 + k + s**2. Calculate z(p).
7
Let p(a) = a**2 - 5*a - 1. Let v(b) = -2*b**2 + 7*b + 1. Let f(r) = 8*p(r) + 5*v(r). Determine f(-3).
-6
Let c(w) = -w**2 - 7*w - 6. Let t = 52 + -58. Give c(t).
0
Suppose -6*j - 13 = -1. Let q(d) = d**3 + d**2 - 3*d - 3. What is q(j)?
-1
Suppose 3*w + 3 = 0, -5*s = -w - 15 - 6. Let m(l) = -5*l**2 + s*l**2 + 3*l**2. Calculate m(-1).
2
Let j(z) = -5*z + 1. Let d(t) = 9*t - 2. Let c be ((-5)/3)/(2/6). Let w(y) = c*j(y) - 3*d(y). Let s(h) = 5*h**2 + 2*h + 1. Let n be s(-1). Give w(n).
-7
Let u(v) = -11*v**3 - v**2. Suppose 25 = f + 4*f, 4*p - 5*f + 69 = 0. Let i = 6 + p. Let k = i - -4. Determine u(k).
10
Let n(t) = -5*t**2 + 2*t - 2. Let w be n(2). Let f be (-4)/w - (-156)/27. Let c(y) = -y + 4. Let u be c(f). Let z(i) = i**3 - i - 1. Determine z(u).
-7
Let y(u) = u**3 - 4*u**2 - 7. Let b(h) = 4*h**3 - 11*h**2 + h - 21. Let l(g) = -2*b(g) + 7*y(g). What is l(-6)?
5
Let b(j) be the first derivative of -1 + 3 - 2*j**2 + 0*j - j. Let y(p) = -3*p**2 + 2*p - 1. Let q be y(1). Calculate b(q).
7
Let v(p) = 3*p - 4. Let s(u) = -2*u + 3. Let h(c) = 7*s(c) + 5*v(c). Let n = 1 + -5. Determine h(n).
-3
Let p(u) = -2*u - 3. Let x be p(-3). Let o(h) = h**3 + h**3 - 3 - h**x + h**2 - 3*h. Determine o(-2).
-1
Let v(c) = -c. Let n be 1 - 1 - 2/(-1). Give v(n).
-2
Let c = 9 - 7. Let w(d) = -2 + 7 - c*d + d - d**3. Let m be 0/(1/3*3). What is w(m)?
5
Let b(t) = 5*t + 6*t**2 + 1 + 3 - t**3 - 2*t**3 + 4*t**3. Calculate b(-5).
4
Let q(t) = 4*t**2 + 0*t**3 + 0*t - 3*t**2 - t**3 + 9 + t. Give q(0).
9
Let g = 3 - 0. Let b(x) = x + 3*x - 1 + 0*x - g*x. Give b(2).
1
Let p(v) = 8*v**2 - 6*v - 6. Let o = 12 - 11. Let x(m) = m**2 - m - 1. Let u(n) = o*p(n) - 6*x(n). Give u(-1).
2
Let r = -151 - -605/4. Let t(u) be the first derivative of 0*u**2 + 1/3*u**3 - 4*u - 3 + r*u**4. Determine t(0).
-4
Let d(j) = 4 + 6*j**2 + j - 5 + 2. Let p(b) be the second derivative of -b**4/12 - b**3/6 - b